 - 65. Is k prime?
False
Let b be (3 + -4)/3*0. Suppose t - 3*t + 692 = b. Is t prime?
False
Suppose -7*y = 535 - 2733. Is y composite?
True
Is 196 - 13 - (-1 - -5) composite?
False
Let c(a) = -4*a. Let r be c(-4). Let t = 30 - r. Suppose t = 2*l - 4*h, -2*l - 4*h = 3*l - 7. Is l prime?
True
Suppose 5247 = 4*j - 2669. Suppose w - 1 = 0, 8*w - j = -5*n + 4*w. Is n a composite number?
True
Let m(x) = 26*x**3 + x**2 + 2. Let f be m(2). Suppose 0 = 3*j + 5*k + f, j - 4*k = -42 - 18. Let z = j - -123. Is z a composite number?
True
Let j = -8 + 1. Let n be (-8616)/(-28) + (-2)/j. Suppose -2*g - 2*g + n = 0. Is g a prime number?
False
Let a be 1 + 2 + -1 + -1. Let s = 8 + -27. Is 2/(17/s + a) a prime number?
True
Let v(t) = -t**3 + 7*t**2 + t - 2. Let x be v(7). Let n be 314/4*(x + 5). Suppose q - n = -4*q. Is q composite?
False
Suppose -5*p = 4 - 49. Is p composite?
True
Let h(v) = -4*v**3 - 2*v**2 + v - 9. Is h(-4) a prime number?
True
Suppose 5*d - 4*c - 120 = 0, 5*d = 5*c - 9 + 129. Suppose x + 4 = -0*x, -2*s + d = -x. Is s a prime number?
False
Let l = -10 - -105. Is l prime?
False
Let k(a) = a**3 - a**2 + a + 55. Is k(0) a prime number?
False
Let s(q) = -q**2 + q - 1. Let u be s(-2). Let g = -1 - u. Is g composite?
True
Let j(d) = -9*d**3 + d + 4. Let m be j(-2). Suppose 0 = 6*a - 596 + m. Is a composite?
True
Suppose -m + r = -6 - 56, 0 = -4*m - 5*r + 284. Let n = m + 57. Is n a prime number?
False
Suppose -3*h - 2*n - 21 = n, -35 = 5*h - 4*n. Let g(b) = -b**3 - 8*b**2 - 9*b + 9. Is g(h) a composite number?
False
Let l(x) be the first derivative of 3*x**2 - 10*x + 2. Let i be l(7). Let f = i - 11. Is f a prime number?
False
Let q(j) = -j. Let i be q(-1). Is (i/(-2))/(6/(-516)) prime?
True
Suppose 4*t - 45 = -3*n + 33, 3*t - 59 = -2*n. Suppose t + 4 = 5*m. Suppose -823 = -m*k + 1032. Is k a composite number?
True
Suppose 0 = -8*m + 923 + 1181. Is m a prime number?
True
Let t(p) = -7*p**3 - 18*p**2 + 17*p - 29. Let h(y) = -11*y**3 - 27*y**2 + 25*y - 44. Let i(x) = 5*h(x) - 8*t(x). Is i(-10) composite?
True
Suppose -3*t = -t + 14. Let b = 35 - t. Let n = b - 8. Is n prime?
False
Is (1 - 1) + (601 - -10) prime?
False
Suppose -4*r - 33 = -3*c - 443, -4*r - 280 = 2*c. Let n = 374 + c. Suppose -n + 96 = -4*y. Is y prime?
False
Let g(d) = d**3 + d**2 + 3*d + 2. Is g(4) a prime number?
False
Let j = -25 + 15. Let q be (-16)/j + 4/10. Suppose -3*u - q*u + 235 = 0. Is u composite?
False
Let p be (-4)/(-1) - (-7 - -251). Let c = -113 - p. Is c composite?
False
Let s(r) = -r**2 + 5*r - 4. Let w be s(3). Is 308/8 - (-1)/w composite?
True
Let o(r) = 3*r**3 - 6*r**2 - 15*r + 11. Is o(9) a prime number?
False
Let g be -3 + 1 + (-2 - -4). Suppose -5*k + k + 332 = g. Is k a prime number?
True
Suppose 0 = -4*f - 471 - 1305. Let a = 853 + f. Is a prime?
True
Is 2274/4*(-3 - (-33)/9) a composite number?
False
Suppose -4*y = -2*y - 678. Is y a prime number?
False
Suppose 0 = 4*i + i. Let j(z) = -z + 79. Let k be j(i). Suppose 5*m + 14 = k. Is m composite?
False
Suppose 4*a - 28 = -4*b, -4*a - 5*b + 18 + 15 = 0. Suppose -3*o - 5*c = -o - 35, -47 = -a*o - c. Is o a composite number?
True
Let r(v) = -211*v + 69. Is r(-8) a composite number?
True
Let s be 6/6*(-1)/(-1). Let f = 3 - s. Let r = f + 77. Is r a prime number?
True
Let a = 4 - -1. Suppose -65 = -w + 2*f, w - 3*w = -a*f - 135. Is w a composite number?
True
Let l be 30/8 - (-1)/4. Suppose 0 = -y - l*a - 16 + 137, 2*a = 4*y - 574. Is y prime?
False
Suppose 3*x - 2708 = -5*t, 3*t - 4540 = -5*x - 0*t. Is x prime?
True
Let m(y) be the second derivative of y**4/12 + 2*y**3/3 - 9*y**2/2 + y. Is m(-8) composite?
False
Suppose 0 = -3*c - 53 - 112. Suppose -3*i - 114 = -2*i - 2*a, 0 = 2*i - 5*a + 231. Let d = c - i. Is d a prime number?
True
Suppose 4*m - 6 = m, 2*x - 3*m - 3524 = 0. Is x a composite number?
True
Is 1810/6 + -4*(-2)/(-12) a composite number?
True
Let a(c) = c**2 - c - 7. Suppose 3*o + 10*y - 20 = 5*y, 5*o + y = 26. Let b be a(o). Suppose -5*g = -d - 160, -g = -0*g - 4*d - b. Is g a prime number?
False
Suppose 2*w + 13 = q, 4*q = -0*w + w + 10. Let a be w/(-10) + (-81)/(-15). Let r(n) = -n**2 + 11*n - 8. Is r(a) composite?
True
Let s(p) = 104*p**3 - 4*p**2 - 3*p + 14. Is s(3) composite?
False
Let k = -18 - -255. Let n = 8 + -4. Suppose -k = -n*i + i. Is i a prime number?
True
Let i(q) = q**3 + 3*q**2 - 6*q - 6. Let p be i(-4). Let a(t) = 3 + t + 0*t**p + 34 + t**2. Is a(0) a prime number?
True
Let s(i) = 32*i + 14. Suppose -3*r + 3 + 9 = 0. Let v(j) = 11*j + 5. Let n(m) = r*s(m) - 11*v(m). Is n(2) composite?
True
Suppose -12 = -5*c - 67. Let o(a) = -a**2 - 14*a + 2. Is o(c) a prime number?
False
Is 550/15*12/8 a composite number?
True
Let p(f) = -f**3 + 3*f**2 + 5*f - 1. Let t be p(4). Suppose t*k - 201 = -3*m, -2*m + k = -3*k - 134. Is m a composite number?
False
Let t(p) = 18*p - 8. Let v be t(7). Let b = v - 31. Is b prime?
False
Suppose 2*a - 2*d - 61 = 3*d, 0 = 2*d - 6. Is a composite?
True
Suppose 0 = -3*c - 0*c + 54. Let g = c - 12. Is g composite?
True
Let c(q) = q**2 - 11*q - 8. Let r be c(12). Suppose 3*w = r + 107. Is w a prime number?
True
Let d be ((-9)/(-6))/(6/8). Suppose -35 - 117 = -l + 5*f, d*l - 249 = -f. Is l a prime number?
True
Suppose 3*m - 96 = -2*m + 4*x, 16 = -4*x. Is (522/(-24))/((-6)/m) a prime number?
False
Suppose 24*r - 1221 = 21*r. Is r a prime number?
False
Let m = 50 + -19. Is m composite?
False
Is (-113)/(-6) - 17/(-102) a prime number?
True
Let d(u) = u**2 + 11*u - 9. Let t(x) = -x**3 + 3*x + 6. Let o(p) = 2*p**3 - 7*p - 11. Let l(s) = 2*o(s) + 5*t(s). Let y be l(0). Is d(y) prime?
False
Let f(r) = 2*r - 3. Let a be f(3). Suppose -502 = z - a*z. Is z composite?
False
Is 14/35*(-230)/(-2) a prime number?
False
Suppose -2*v + 2796 = 2*v. Is v prime?
False
Let o be -1*(-1 - -22 - 2). Let a = -2 - o. Suppose 4*c = -y - y + 76, -y = c - a. Is c a composite number?
True
Let m be 12 - (-1 + 3 - 2). Suppose g + 3*v - 2 = -m, -4*v - 10 = g. Is 2/g - 1337/(-35) composite?
True
Let j(m) be the third derivative of -m**6/20 - m**5/20 + m**4/12 + m**3/3 - m**2. Let a = -11 - -8. Is j(a) a prime number?
True
Let l(h) = -h**2 + 19*h + 7. Is l(6) a prime number?
False
Let r(b) = 41*b + 4. Is r(5) a composite number?
True
Suppose -6228 = -4*s - 4*j, s - 4*j - 536 - 1041 = 0. Is s/42 - 2/12 composite?
False
Let q = 151 - -36. Is q prime?
False
Let v be 0/(-2) + 4/1. Suppose -v*a + 57 = -a. Is a a composite number?
False
Is (-2007)/45*(1 - 6) a composite number?
False
Let z(f) = -3*f. Let t be z(-1). Let d = t + 32. Is d a prime number?
False
Is (5*-1)/(17/(-901)) a prime number?
False
Let n be 2/2 - (0 - 1). Suppose -3*m - m + 300 = 0. Let o = n + m. Is o prime?
False
Let b(h) = h**2 - h - 1. Suppose 2 = 2*y + f, -3*f + 6 = -y + 2*y. Suppose -4*l = 2*s - 16, -3*l - 2*l + s + 27 = y. Is b(l) a prime number?
True
Suppose -3*u + 104 = -184. Let r = u + -49. Is r prime?
True
Suppose 4*t + 3 - 5 = -3*d, 0 = 2*t - 4*d - 12. Let p = -34 + 46. Suppose -2*m = -t - p. Is m a composite number?
False
Let i = -60 + 249. Suppose 4*d + o = i, -4*o - 6 = -26. Let h = d + 9. Is h a composite number?
True
Suppose 0 = -4*u - 2*a + 6, 5 = 3*u - 3*a + 4*a. Suppose -4*m = -s - 3*s - 560, u*m - 280 = -4*s. Suppose -5*q + m = -45. Is q a composite number?
False
Suppose -60 = -r + 5*r. Is 5/r + 200/6 a composite number?
True
Is ((-17)/(-4) - (3 - -1))*9484 prime?
True
Let c(i) be the first derivative of -i**2/2 - 3*i - 2. Let t be c(5). Is (-2)/t + 35/4 prime?
False
Let j(u) = 6*u**2 + u + 1. Is j(-2) a prime number?
True
Suppose 3*n = 503 + 364. Is n composite?
True
Let s(d) be the third derivative of d**6/180 - d**5/40 + d**4/12 - d**3/6 - 2*d**2. Let c(h) be the first derivative of s(h). Is c(4) prime?
False
Let s(o) = 3*o + 791. Is s(0) a composite number?
True
Let i = -64 + 545. Is i composite?
True
Is (-1)/4 - (-637)/4 composite?
True
Let s(i) = -i**3 - 7*i**2 - 5*i + 4. Let m be s(-5). Let n = 104 - 68. Let b = m + n. Is b prime?
False
Let p(s) = s**3 - s**2 + s + 5. Let u = 6 - 6. Let f be p(u). Suppose -y - 3*z + f*z + 49 = 0, -y + z = -54. Is y prime?
True
Let c be (-4)/8 + (-26)/(-4). Let w(q) = -q**3 + 8*q**2 - 7*q + 1. Is w(c) a prime number?
True
Suppose -8*z = -4*z - 776. Let p = 15 + z. Is p